hat is the tens digit of (-3)/7 + 925/35?
2
Let v(z) = -2*z - 2. Let x(p) be the second derivative of -p**3/6 - 6*p**2 + p. Let s be x(-6). What is the tens digit of v(s)?
1
Let q(t) = t**3 + 4*t**2 - 3. What is the units digit of q(-3)?
6
Let d = -27 + 48. What is the units digit of d?
1
Let k(q) = 32 + q - q**3 + 0*q**3 + 0*q**3 - q**2 + 0*q. What is the units digit of k(0)?
2
What is the units digit of (1 + 1 + -43)*-1?
1
Let w be 0 - (-1 + (-15)/(-3)). What is the units digit of (-20)/15*18/w?
6
Let j(u) = u**2 - 4*u + 9. Let a be j(7). Let y = a + -20. What is the tens digit of y?
1
Let q(r) = -16*r + 2. Let n be q(-7). Suppose 5*a + 4 = n. What is the tens digit of a?
2
Suppose -2*p = -5*p + 36. What is the units digit of p?
2
Let z be 9*(-2)/(2/3). Let b = 51 + z. What is the tens digit of b?
2
Let y be 2/4*-2 - -6. Let h be y/2*6/(-5). Let a = h - -18. What is the tens digit of a?
1
Let r be 5 + (0 - (-4 - -2)). Suppose -4*x + r = -45. What is the tens digit of x?
1
Suppose -7*v + 5*d = -3*v + 7, 4*v + d = -13. Let j = 5 + v. Suppose 0 = -j*g + 2. What is the units digit of g?
1
Suppose -2*h + h = -5. Suppose 10*f = 5*f - 4*v + 65, 5*f = h*v + 110. What is the units digit of f?
7
Suppose 97 - 29 = 2*c. What is the tens digit of c?
3
Suppose -4*w - 4 = -g + 9, 2*w - 1 = -g. Let r = -8 + 16. Let a = w + r. What is the units digit of a?
6
Let g be (2/3)/(20/2070). Suppose -5*m = -21 - g. What is the tens digit of m?
1
Suppose w - 4*a - 64 = -2*a, w - 4*a = 70. What is the units digit of w?
8
Let j(g) be the first derivative of -7*g - 1/2*g**2 - 3. What is the units digit of j(-12)?
5
Suppose f = 4*q - 199, -4*q + 3*f = -2 - 203. What is the units digit of q?
9
Let h = 2 - -1. Suppose 2*i + 14 = 5*b, 5*b - 15 + 4 = h*i. Suppose 0 = 4*j + i*y + 3, -13 = -2*j + j + 2*y. What is the units digit of j?
3
Let t = -24 + 48. What is the units digit of t?
4
Let l(g) be the third derivative of g**5/5 - g**4/24 - 2*g**2. Let q be -1*2/((-4)/2). What is the tens digit of l(q)?
1
Let a = 41 - 3. Let p be (-106)/(-5) - (-1)/(-5). Suppose -5*d + a = -2*j, 0*j - p = -3*d + 3*j. What is the units digit of d?
8
Let v(k) = k - 12. Let p be v(8). Let f(h) = -2*h**3 - 4*h**2 + 4*h + 6. What is the units digit of f(p)?
4
Let r = 3 - -15. Let k = 11 + r. What is the tens digit of k?
2
Let m(y) = 26*y**2 + 2*y - 2. What is the hundreds digit of m(2)?
1
Let d = 131 - 36. What is the tens digit of d?
9
Suppose 0 = -5*s - y - 3*y + 30, 4*s - 28 = -4*y. Suppose -5*c + s = -3. What is the units digit of 0 + c + 6 - -1?
8
Suppose -3*u + 158 + 241 = 0. What is the units digit of u?
3
Let o = 75 - -38. What is the tens digit of o?
1
Let p(r) = -r. Let n be p(-4). Let z = n - 2. What is the units digit of z?
2
Suppose 531 = 3*p + 138. What is the tens digit of p?
3
Let m(k) = k**3 + 5*k**2 - k - 9. Let l be m(-5). Let v(b) = b**2 - 5*b. What is the units digit of v(l)?
6
Suppose 3*s - l = 225, 4*s = -2*l + 318 - 18. Let w = s - 43. What is the units digit of w?
2
Let s(o) = 2*o**2 + 5*o + 2. Let r be s(-3). Suppose -125 = -r*f + 10. Suppose f + 7 = 2*d. What is the tens digit of d?
1
Let b = -71 + 177. What is the units digit of b?
6
Suppose 75 - 23 = 4*l. What is the tens digit of l?
1
Suppose 4*y = 3*y + 2*c + 8, -2*c - 20 = 5*y. Let b = 37 - 38. What is the units digit of (-2)/(-4) + b/y?
1
What is the units digit of -60*(3 + (-65)/15)?
0
Suppose 0 = x + y - 5*y - 15, 0 = 3*x + 5*y + 6. Suppose -5*u - a = -10*u + 421, 5*u - x*a - 423 = 0. What is the units digit of u/6 - (0 + 0)?
4
Suppose 2*z - 23 = z. What is the units digit of z?
3
What is the units digit of ((-2)/3)/((-10)/105)?
7
Let m be (0 + 2/(-2))*-1. Let a = m - -2. Suppose 4*n + 4*u = -0*u + 48, -a*u = 4*n - 48. What is the units digit of n?
2
Let n be 2/4*(-1 + 1). Suppose 2*u + 27 = -n*m + 5*m, 4*m - 3*u - 23 = 0. Suppose 0 = 3*s + 2*s - m. What is the units digit of s?
1
Suppose 0 = -p - a + 35, -4*p = p + 3*a - 183. Let v = p + -13. Suppose 5*w - v = -2*o - o, -3*o = -5*w + 44. What is the units digit of w?
7
Let w = -13 - -18. Suppose 4 = 2*v - 3*d + d, -2*d = v - 8. Suppose 4*l + 12 = -v*s, -l + w - 4 = 5*s. What is the units digit of s?
1
Let v = -21 - -40. Suppose 7 = -4*i + v. What is the units digit of i?
3
Suppose -k = 4*c - 2*k - 162, 0 = 5*c + 4*k - 213. What is the tens digit of c?
4
What is the hundreds digit of 195 - (-5 - -4) - -1?
1
Let z(h) = h**2 - h - 4. Let x be z(3). Suppose 56 = 4*c - 4*p, -x*p = 2*c + 3*c - 56. What is the units digit of c?
2
Suppose y - 4 = 1. Suppose 3*v - 288 = -y*j, j + 4*v = 3*j - 136. Suppose 0*k - j = -5*k. What is the tens digit of k?
1
Suppose 2*m - 39 - 53 = 0. Suppose 4*l - 194 = -m. What is the units digit of l?
7
Let x = 9 + -10. What is the units digit of (1 - 39)/(x + -1)?
9
Suppose -4*a + 3 = -13. Suppose -a*k + 2 + 14 = 0, 0 = 4*l + k - 24. What is the units digit of l?
5
Let a = 21 + -21. Suppose x - 5*o + 29 - 77 = a, 5*x + 3*o - 184 = 0. What is the tens digit of x?
3
Let w(o) = 18*o**2 + 4*o - 5. What is the tens digit of w(-3)?
4
What is the units digit of (-8)/(4*4/(-8))?
4
Suppose f - 5*r = -2*f + 31, f + 3 = -r. What is the units digit of f/(6/21 + 0)?
7
Let n(w) = -2*w - 3. Let z be n(-2). Suppose -3*s = -9*s + 42. Let b = z + s. What is the units digit of b?
8
Suppose -4*s + 3*i + 228 = -i, -s - 4*i = -72. What is the units digit of s?
0
Let f(h) = 102*h - 7. What is the units digit of f(1)?
5
What is the units digit of (-14)/(-49) - ((-271)/7 - 2)?
1
Let p(q) = -11*q**3 + q**2 - 2*q + 1. Let v be p(1). Let t be 21 - (4 - (-1)/((-2)/4)). Let c = t + v. What is the units digit of c?
8
Let j = -4 + 6. Suppose a - 2*i + 4 = j, -3*i = -5*a + 11. Suppose 0*x - 4*x + 24 = 4*n, 0 = n - a*x - 26. What is the units digit of n?
0
What is the tens digit of 48 - 0/(12/(-3))?
4
Let o(s) = -30*s - 7. What is the tens digit of o(-2)?
5
Let q(m) = -m - 2. Let x be q(-5). Let b(v) = x + v + v**2 - 1 + 4 - 4 + v**3. What is the tens digit of b(2)?
1
What is the units digit of (-6)/(6 - -6) + 11/2?
5
Let p(l) = -l + 16. Suppose -2*r + 51 = 5*k, -k = -r + 6 + 2. What is the units digit of p(r)?
3
Let b(t) = 2*t. What is the units digit of b(3)?
6
Suppose 2 = 3*y - 76. What is the units digit of y?
6
Let m be (-23)/(-4) - (-5)/20. Let c be (m/(-4))/(8/16). What is the units digit of (-5)/(5/(-2)) - c?
5
Let u = 6 + 2. What is the units digit of u?
8
Let d(v) = v + 3. Let l be d(-3). Let x = 4 - l. What is the units digit of x?
4
Let p = 9 - 23. Let i be (-36)/p*14/3. Suppose 0 = -3*j + f + 5, -f + i + 4 = 4*j. What is the units digit of j?
3
Let v(y) = -y**2 - 5*y + 7. Let n be v(-6). Suppose -i + 3 - n = 0. Suppose -2*h + 28 = i*h. What is the units digit of h?
7
Let p(g) = g**3 + 8*g**2 + 8*g + 11. What is the tens digit of p(-5)?
4
Suppose -2*p + 199 = b, p - 3*b = -p + 179. What is the tens digit of p?
9
Let r(f) be the third derivative of -f**5/60 - f**4/6 + f**3 + 2*f**2. What is the units digit of r(-5)?
1
Let z(v) = 3*v**2 - 5*v + 1. What is the units digit of z(-3)?
3
Let z(r) = r + 7. Let n be z(-4). Suppose -38 = -2*v + 2*h, -2*v - n*h = 2*v - 97. Suppose -i - 5*b + 26 = 0, -4*b = -0*i + i - v. What is the units digit of i?
6
Suppose -5*q + 3*q + 40 = 0. Let g = -13 + q. What is the units digit of g?
7
Let t(o) = o**3 + 6*o**2 + 6*o + 7. Suppose -2*p + 1 = 11. Let y be t(p). Suppose c + c = y*a + 4, -5*a + 40 = 5*c. What is the units digit of a?
3
Let y(d) = 3*d**2 - 43*d - 24. What is the hundreds digit of y(19)?
2
Suppose j - b = 23, 4*j = -3*b - 0*b + 85. What is the units digit of j?
2
Suppose 4*q - 24 = 4*h, -h = -3*q - 0*h + 10. Let s be 7 + 0 + q/(-2). Suppose 0 = 5*i + d - 20, 0*i + s = -3*i + 3*d. What is the units digit of i?
3
Let w(v) = v - 7. Let b(z) = -6*z + 36. Let s(m) = -2*b(m) - 11*w(m). Let n(y) = -y**3 - 2*y**2 + 9*y. Let o be n(-4). What is the units digit of s(o)?
1
Let t = 42 + -5. What is the tens digit of t?
3
Suppose -20*n = -17*n - 318. What is the hundreds digit of n?
1
Let g(j) = 4*j**2 + 3*j + 2. Let x(a) = 5*a**2 + 3*a + 3. Let c(s) = 4*g(s) - 3*x(s). What is the units digit of c(2)?
9
Suppose -t - t = 0. Suppose t*v + v = 3. What is the units digit of (-5)/(-2) + v/6?
3
Let j(r) = r**3 + r**2 - 3*r - 4. Suppose 0